125 (base 6) to base 12.
193345
Convert 1f00c5 (base 16) to base 6.
111314313
39924 (base 15) to base 8
547765
Convert -13234374 (base 9) to base 13.
-1472ba8
Convert 30032010 (base 4) to base 10.
50052
Convert 2071472 (base 11) to base 7.
43001056
Convert 301054 (base 7) to base 9.
76617
Convert 5136660 (base 7) to base 6.
21101333
What is -88324 (base 15) in base 9?
-728507
What is 111001011001000111111 (base 2) in base 11?
1074a52
What is 1688614 (base 11) in base 2?
1010111011110011010000
Convert 21404224 (base 5) to base 2.
101101001001101011
Convert -2021677 (base 9) to base 15.
-1642e4
Convert 333000032001 (base 4) to base 13.
3563682
What is d5d5 (base 15) in base 3?
2022000002
Convert -155aa1 (base 11) to base 15.
-4bb8c
What is 2521241 (base 6) in base 12?
66221
2f8ea1 (base 16) to base 7
35330414
What is 31457a (base 11) in base 3?
221121002122
Convert -2322133221 (base 4) to base 7.
-6331026
-3531220 (base 7) to base 6
-13310304
3127654 (base 9) to base 14
317540
Convert -24352 (base 6) to base 12.
-20b8
Convert 3a6851 (base 13) to base 12.
582409
Convert -1000010001110000000 (base 2) to base 15.
-55572
1086356 (base 9) to base 8
2175465
What is 1133 (base 14) in base 10?
2985
What is 12032321 (base 4) in base 9?
38015
3e777f (base 16) to base 7
46540226
-945263 (base 10) to base 8
-3466157
11111110100101000 (base 2) to base 10
130344
-11102646 (base 7) to base 11
-5a5580
Convert 1414d2 (base 15) to base 4.
3223323023
Convert -503854 (base 12) to base 3.
-2100112110001
-4340275 (base 9) to base 5
-1044020020
Convert 58838 (base 11) to base 5.
10203422
2122210000002 (base 3) to base 12
581718
Convert 12004133 (base 5) to base 2.
11010110101011110
-3c9c3 (base 14) to base 12
-72a53
What is -64264253 (base 7) in base 6?
-313020102
What is 53510231 (base 6) in base 14?
2d1ab1
201211121000121 (base 3) to base 7
155414641
Convert -4d4595 (base 15) to base 3.
-20222111200212
Convert -110120131 (base 5) to base 15.
-952e6
-1211322132 (base 4) to base 2
-1100101111010011110
Convert 101e839 (base 15) to base 14.
1751638
What is 5535a2 (base 12) in base 4?
11022202022
What is 3332012 (base 5) in base 11?
3a955
Convert 10331221 (base 6) to base 8.
1130375
-32090 (base 15) to base 11
-a9308
-15742 (base 13) to base 9
-61844
What is 527871 (base 9) in base 6?
10422314
Convert 260b92b (base 12) to base 8.
34433563
What is -842327 (base 14) in base 16?
-44171f
Convert -171a51e (base 15) to base 9.
-34532882
What is -1115043 (base 6) in base 8?
-157003
12474115 (base 9) to base 4
113120310221
What is -221232030 (base 5) in base 2?
-11101010101111101011
10319a (base 12) to base 15
5051d
What is 13200123001 (base 4) in base 2?
111100000011011000001
2115402 (base 7) to base 16
3e9a3
-22566503 (base 7) to base 13
-545867
What is -102010023 (base 4) in base 12?
-369a3
What is 1259b0 (base 12) in base 10?
300372
Convert -101011111110101111110111 (base 2) to base 6.
-1051035543
73caa8 (base 13) to base 5
1143303201
What is -718a14 (base 11) in base 12?
-4778bb
Convert 12304032 (base 5) to base 7.
1004501
c027a (base 15) to base 6
21011041
Convert -2301410423 (base 5) to base 10.
-5106988
Convert 126061031 (base 7) to base 6.
450150412
49ba6 (base 14) to base 3
100011211012
What is -46180 (base 10) in base 12?
-22884
Convert 82941 (base 10) to base 16.
143fd
13112011142 (base 5) to base 13
3457bbc
What is -10110110010010010 (base 2) in base 11?
-64136
What is 4001 (base 6) in base 4?
31201
Convert -43343113 (base 6) to base 12.
-521a99
-156361 (base 10) to base 12
-765a1
-55111312 (base 6) to base 7
-16650143
-26e12b (base 16) to base 8
-11560453
105c3 (base 16) to base 4
100113003
-39b197 (base 15) to base 8
-12444452
What is 44dbd3 (base 15) in base 8?
14423024
What is -354634 (base 7) in base 6?
-1212501
Convert 123100201 (base 4) to base 11.
7697a
Convert 11010110000110101 (base 2) to base 4.
122300311
What is -772256 (base 10) in base 13?
-210674
What is 3425030 (base 6) in base 3?
22212201200
What is 2245512 (base 8) in base 10?
609098
Convert 2998651 (base 10) to base 5.
1231424101
Convert 247761 (base 9) to base 5.
14300232
What is -16423314 (base 8) in base 7?
-44251563
What is -12b66 (base 15) in base 4?
-32220222
-b4d (base 14) to base 4
-202301
What is -23030100220 (base 4) in base 14?
-565252
Convert -62 (base 10) to base 12.
-52
Convert -521013 (base 6) to base 3.
-2010012100
-323da (base 14) to base 2
-11101101010101100
What is 1000110010100101 (base 2) in base 16?
8ca5
Convert 13221455 (base 6) to base 2.
1101011000010101011
2010101221010 (base 3) to base 4
10103312223
What is 3400042 (base 5) in base 4?
32200011
-17c48d (base 16) to base 10
-1557645
Convert 115328 (base 11) to base 12.
89904
5676d2 (base 14) to base 10
2940184
What is 2287650 (base 10) in base 16?
22e822
7e7692 (base 16) to base 2
11111100111011010010010
What is 202112110220012 (base 3) in base 14?
164147d
104422443 (base 5) to base 10
467248
What is 563403 (base 7) in base 10?
99669
What is -436103 (base 7) in base 2?
-10010101011111101
16a068 (base 15) to base 2
100001011110100001101
-5e848c (base 16) to base 15
-825546
Convert -61813 (base 12) to base 9.
-213566
-11110002 (base 5) to base 8
-276336
2112102000 (base 3) to base 14
14261
What is -102824 (base 14) in base 8?
-2050220
111101001100000101 (base 2) to base 5
31010004
Convert 7400c6 (base 13) to base 4.
22112131301
What is 76632 (base 11) in base 5?
12024414
What is -4701043 (base 9) in base 8?
-11540543
Convert -223432 (base 11) to base 12.
-151b60
433d9 (base 14) to base 9
267130
Convert -1001000001100100101 (base 2) to base 7.
-2341102
What is -32b5d (base 14) in base 10?
-122975
Convert 3a7850 (base 12) to base 3.
1211010200220
Convert 526653 (base 7) to base 5.
10404402
Convert -860129 (base 10) to base 6.
-30234025
2476177 (base 9) to base 12
550b8a
Convert -2346467 (base 8) to base 13.
-1964c3
Convert -4a0a49 (base 11) to base 2.
-11000001010101000101
b4008b (base 12) to base 8
12604153
-4045625 (base 9) to base 12
-87b942
2011223232 (base 4) to base 11
344438
What is 1030020 (base 9) in base 5?
120114032
What is -112212220212111 (base 3) in base 11?
-4513730
Convert 11111100111111110000011 (base 2) to base 11.
4752597
What is 12122014 (base 5) in base 14?
2d797
What is 22121211220 (base 3) in base 4?
221130102
What is -2448741 (base 10) in base 11?
-1422859
Convert -6042089 (base 11) to base 10.
-10690689
-2141424334 (base 5) to base 16
-46ca70
What is -1111022111 (base 3) in base 9?
-44274
-107079 (base 11) to base 8
-514726
Convert -138380 (base 9) to base 11.
-58853
Convert 10313120 (base 4) to base 9.
30302
What is -235799 (base 11) in base 2?
-1011011001110000011
Convert 1011101000100001101000 (base 2) to base 8.
13504150
What is 102010032102 (base 4) in base 8?
22041622
What is -8c129 (base 13) in base 9?
-427775
What is -64b84 (base 12) in base 11?
-90a30
Convert -110200033 (base 4) to base 6.
-1444451
What is 1111101011100100001101 (base 2) in base 6?
224034325
-295376 (base 12) to base 9
-1266210
Convert -223016260 (base 7) to base 6.
-1202030254
What is -36181 (base 9) in base 3?
-1020012201
1000011101 (base 3) to base 2
100110101011001
What is -132625 (base 8) in base 15?
-db90
-1c1c24 (base 16) to base 4
-13001300210
Convert -96106 (base 10) to base 15.
-1d721
-16351355 (base 7) to base 16
-184c49
Convert 2350325 (base 6) to base 11.
84661
What is -54d26 (base 15) in base 16?
-41d12
What is -5450b6 (base 14) in base 6?
-141121144
14133a5 (base 11) to base 14
4754bb
3996a (base 15) to base 16
2d037
Convert 8a5a9 (base 13) to base 16.
3d632
Convert -12303221200 (base 4) to base 10.
-1784416
What is 106585 (base 14) in base 10?
555385
What is 310027 (base 11) in base 16?
7989f
20023133013 (base 4) to base 5
1022103244
-8a90 (base 12) to base 11
-10605
What is -111111101110110000110 (base 2) in base 15?
-2b3b6b
What is -ba68b5 (base 14) in base 15?
-84c1ca
Convert -16a4 (base 15) to base 6.
-34331
What is -3753620 (base 8) in base 13?
-2a4745
What is -10201113213 (base 5) in base 10?
-10566683
What is -b811 (base 14) in base 9?
-47516
Convert 3920e (base 16) to base 2.
111001001000001110
What is -22020 (base 14) in base 16?
-141ac
What is -41842 (base 15) in base 14?
-559c5
What is -6be97 (b